{"id":46,"date":"2023-04-01T19:39:12","date_gmt":"2023-04-01T17:39:12","guid":{"rendered":"http:\/\/www.defio.cz\/?page_id=46"},"modified":"2023-04-01T21:55:27","modified_gmt":"2023-04-01T19:55:27","slug":"kontakt","status":"publish","type":"page","link":"http:\/\/www.defio.cz\/?page_id=46","title":{"rendered":"Kontakt"},"content":{"rendered":"\n<div class=\"wp-block-columns is-layout-flex wp-container-3\">\n<div class=\"wp-block-column is-layout-flow\">\n<p><strong>S\u00eddlo firmy:<\/strong><br>T\u0159ebosice 15, 530 02 Pardubice<br><br><strong>ID datov\u00e9 schr\u00e1nky:<\/strong><br>dpfyd5z<\/p>\n\n\n\n<p><strong>Kontaktn\u00ed osoba, CEO:<br><\/strong>Petr Bouma<br>tel CZ: +420 733 539 900<br>tel DE: +421 175 379 2049<br>Email:&nbsp;<a href=\"mailto:petr.bouma.defio@gmail.com\">petr.bouma.defio@gmail.com<\/a><\/p>\n\n\n\n<p><strong>Architekt:<\/strong><br>Ing. arch. Kate\u0159ina \u0160korpilov\u00e1<br>Tel CZ: +420 739 245 963<br>Email:&nbsp;<a href=\"mailto:katerina.jankova.defio@gmail.com\">katerina.jankova.defio@gmail.com<\/a><\/p>\n<\/div>\n\n\n\n<div class=\"wp-block-column is-layout-flow\"><\/div>\n<\/div>\n","protected":false},"excerpt":{"rendered":"<p>S\u00eddlo firmy:T\u0159ebosice 15, 530 02 Pardubice ID datov\u00e9 schr\u00e1nky:dpfyd5z Kontaktn\u00ed osoba, CEO:Petr Boumatel CZ: +420 733 539 900tel DE: +421 175 379 2049Email:&nbsp;petr.bouma.defio@gmail.com Architekt:Ing. arch. Kate\u0159ina \u0160korpilov\u00e1Tel CZ: +420 739 245 963Email:&nbsp;katerina.jankova.defio@gmail.com<\/p>\n","protected":false},"author":1,"featured_media":0,"parent":0,"menu_order":0,"comment_status":"closed","ping_status":"closed","template":"","meta":[],"_links":{"self":[{"href":"http:\/\/www.defio.cz\/index.php?rest_route=\/wp\/v2\/pages\/46"}],"collection":[{"href":"http:\/\/www.defio.cz\/index.php?rest_route=\/wp\/v2\/pages"}],"about":[{"href":"http:\/\/www.defio.cz\/index.php?rest_route=\/wp\/v2\/types\/page"}],"author":[{"embeddable":true,"href":"http:\/\/www.defio.cz\/index.php?rest_route=\/wp\/v2\/users\/1"}],"replies":[{"embeddable":true,"href":"http:\/\/www.defio.cz\/index.php?rest_route=%2Fwp%2Fv2%2Fcomments&post=46"}],"version-history":[{"count":2,"href":"http:\/\/www.defio.cz\/index.php?rest_route=\/wp\/v2\/pages\/46\/revisions"}],"predecessor-version":[{"id":49,"href":"http:\/\/www.defio.cz\/index.php?rest_route=\/wp\/v2\/pages\/46\/revisions\/49"}],"wp:attachment":[{"href":"http:\/\/www.defio.cz\/index.php?rest_route=%2Fwp%2Fv2%2Fmedia&parent=46"}],"curies":[{"name":"wp","href":"https:\/\/api.w.org\/{rel}","templated":true}]}}